3 - 4 - f*s**3. Let q = 2 + -7. What is a(q)?
21
Suppose 0 = -5*y - 5*w + 80, -4280*y + 4276*y - 3*w = -46. Let p(i) be the second derivative of 0 + 1/2*i**2 - i + i**3. Calculate p(y).
-11
Let m be ((-2)/5)/((-12)/2280). Let u = 82 - m. Let c(f) = -4*f**2 + 9*f**2 - 6*f**2 + 6 - 4*f + 7*f. What is c(u)?
-12
Suppose 4*d - 2*w = 2*d - 14, 5 = d + 2*w. Let l(j) = 2*j**3 + 10*j**2 + 19*j - 13. Let p(r) = r**3 + 5*r**2 + 9*r - 6. Let s(x) = -3*l(x) + 7*p(x). Give s(d).
-3
Let g = -22709 - -22718. Let o(m) = -m**2 + 5*m - 2. Determine o(g).
-38
Let z(v) = 13*v - 18657 + 9326 + 9328 - v**2. Determine z(0).
-3
Let m = -46 + 56. Suppose -2 = -b + 3*c - 2*c, m = 5*b - 3*c. Let r(j) = 5 + 32*j**2 - 60*j**2 + 6*j + 27*j**b. Determine r(7).
-2
Let d = -80 - -83. Let o(w) = 2 - 17*w - 7*w**2 + 15*w + d*w + 10*w. Let y(v) = 11*v**2 - 17*v - 3. Let g(t) = 8*o(t) + 5*y(t). Determine g(3).
1
Let t(h) be the first derivative of -4 + 0*h + 0*h**2 + 13/24*h**4 + 1/60*h**5 - 4*h**3. Let q(y) be the third derivative of t(y). Give q(-9).
-5
Let z(u) = 3*u + 0*u**3 - u**2 - 4 - u**3 + 2. Suppose -9*f = -3*w - 8*f - 352, 2*w = -5*f - 246. Let t = 115 + w. What is z(t)?
7
Let a(s) = 4*s**2 - 2*s**3 + 87 + s - 88 + s**3. Suppose -3*g - 5*i = -27, -12*i + 12 = -8*i. Calculate a(g).
3
Let k be (11 + -11)*(0 - (-2)/2). Suppose 30 = -6*l - k*l. Let s be 0/(-5 - (2 + l)). Let d(p) = p**3 + p - 5. Give d(s).
-5
Let i = -16121 + 16137. Let h(f) = -f**2 + 24*f + 4. Determine h(i).
132
Let l(q) = -18096 + 20*q - 18094 + 36196. Determine l(-3).
-54
Let j(c) be the second derivative of -c**5/20 - c**4/2 + c**3/6 + 5*c**2/2 - 542*c. Let o be (6 - 8) + (-3)/1 + -1. Give j(o).
-1
Let q be ((-31)/62)/((-3)/(-6)). Let m(p) = 20*p + 26. Calculate m(q).
6
Let i(s) be the first derivative of -s**4/4 + 13*s**3/3 - 6*s**2 - 2390. Determine i(12).
0
Let l(j) = -2*j + 70. Suppose 69 = 5*z - 3*k + 93, k = -2*z + 8. Determine l(z).
70
Let w(c) = c**3 + 7*c**2 + 3*c. Let z(k) = k**2 - 3*k + 5. Let x be z(3). Suppose -2*s = 2*s - 120. Suppose 0*a = x*a + s. What is w(a)?
18
Let x(b) = b**2 + 17*b - 41. Let w be x(-19). Let v be 9/w*-1 - 0/(-5). Let s(a) = 3*a + v*a**3 - 10*a - 7*a**2 - 6 - a**3 - 3*a**3. What is s(-6)?
0
Let b(z) be the first derivative of -z**2/2 + 8*z - 1980. Let u(o) = -o**2 - 9*o - 5. Let y be u(-5). Calculate b(y).
-7
Suppose -537 = 3*m - 546. Let s be ((-27)/(-12)*-2)/(m/4). Let n(u) = -4*u - 8. Give n(s).
16
Suppose 5*p = 431 - 461. Let l(j) = -j**3 - 5*j**2 + j + 3. What is l(p)?
33
Let u(p) = p**3 + 3*p**2 - 1. Let c be u(-3). Let l(b) = 896*b - 1322*b + 1 + 427*b. Determine l(c).
0
Suppose 21 + 129 = 50*c. Let s(r) = -10*r**2 + 2*r - 3. Calculate s(c).
-87
Let v(i) = i**3 - i**2 - 2*i + 2. Let x = 335 + -500. Let m be (-4)/22 - 525/x. Calculate v(m).
14
Suppose 5*k = -2*a + 3, 10*k - a - 5 = -6*a. Let o(y) = -6*y**3 - y**2 - 6*y + 7. Give o(k).
-6
Let t(s) be the third derivative of -s**6/120 - 3*s**5/20 + s**4/4 - s**3/2 + 577*s**2. What is t(-10)?
37
Let n(u) be the third derivative of 1/6*u**3 - 1/6*u**5 + 1/12*u**4 - 9*u**2 + 0 - 2*u. Give n(-1).
-11
Let n(v) = -6*v - 7. Let p be 28/(-168)*(1 + -43). What is n(p)?
-49
Let w(t) be the third derivative of 11/6*t**3 + 1/12*t**4 + 106*t**2 + 0*t + 0. Determine w(0).
11
Let q(g) = -g**2 - 3*g + 9. Let y = -362 - -373. Suppose -3*j = y*j + 70. What is q(j)?
-1
Suppose 13*z - 213 = -58*z. Let q(x) = -535 + 2*x**3 - 7*x**2 - x**3 + 538 + z*x**2 - x. Suppose d - 16 = -3*d. Determine q(d).
-1
Let w = 120 + -110. Let s(m) = 10*m**2 - 4 + m**3 + 5 + 7*m**2 - w*m**2. Let n = -1 + -6. Give s(n).
1
Let m(s) be the second derivative of s**4/6 - 13*s**3/6 - s**2 + 37*s + 1. Determine m(7).
5
Let n(q) be the second derivative of -13 + 3*q - 1/6*q**3 + 0*q**2. Give n(10).
-10
Let r be (-9)/(-99)*66/24. Let c(i) be the third derivative of 0*i + 0 + 3*i**2 + 3/2*i**3 - 1/60*i**5 - r*i**4. What is c(-8)?
-7
Let g = -5 - -3. Let m(v) be the second derivative of -v**5/20 + v**4/12 + v**3/6 + 608*v - 48. Calculate m(g).
10
Let t(l) be the first derivative of -l**5/60 - 7*l**4/24 + 3*l**3/2 - 37*l**2 - 38. Let x(y) be the second derivative of t(y). Give x(-7).
9
Let z(c) = 2*c**2 + 336*c + 2250. Let a be z(-7). Let k(s) = -7*s**2 - 2*s + 3. Calculate k(a).
-101
Let v be ((-12)/(-6))/(84/1014) - (-3)/(-21). Let g(f) = 23*f - 547. Determine g(v).
5
Suppose 0 = -8*h - 10*h + 36. Let f(r) = -1 - 11*r + r + 1. Calculate f(h).
-20
Suppose 5*x + o = -3, -o + 0 = -3*x + 3. Let s be 102/15 - 1/(-5) - x. Let b(f) = 14*f - s - 1 - 5*f + 0*f - 7*f**2 + f**3. Determine b(6).
10
Suppose -3*i = q + 14 + 18, -5*i = -4*q + 76. Let x(u) = -10*u - 126. Let o be x(i). Let p(m) be the second derivative of m**3/2 + 2*m**2 - 2*m. Give p(o).
-14
Let j(q) = q**2 - 8*q. Suppose -5*m + 5*r + 10 = 0, 5*r + 16 = 1. Let b(k) = -8*k**3 - k**2 - 3*k - 2. Let w be b(m). What is j(w)?
0
Let i(f) be the second derivative of 5*f**3/2 - 23*f**2 - 15*f - 7. Let o(t) = -5*t + 16. Let p(b) = -4*i(b) - 11*o(b). Calculate p(6).
-22
Let q(k) = -3*k + 9. Suppose -11*o + 55 - 253 = 0. Let s(h) = -2*h**2 - 43*h - 121. Let j be s(o). What is q(j)?
-6
Suppose 3*c = -2 + 8. Suppose -c*h - 9 = h. Let p(d) = -5*d + 3. Let a(z) = -3*z + 1. Let t(v) = -3*a(v) + 2*p(v). Give t(h).
6
Let v(n) = -n**3 + 8*n**2 - 7*n - 2. Let a be v(7). Let b be (-3)/a + 16/32. Let k(l) = -12*l**b - 16*l**2 - l**3 + 1 + l - 14*l**2 + 36*l**2. Calculate k(-6).
-5
Suppose 3*k + 3*k + 24 = 0. Let x(z) be the first derivative of z**2/2 - z - 9. Let u(n) = -n**2 - 2*n - 6. Let g(m) = -u(m) + 6*x(m). What is g(k)?
-16
Suppose -m = -4*g - 180 + 216, 3*g = 3*m + 45. Let z(v) = -v**3 + 5*v**2 + 18*v - 20. Calculate z(g).
8
Let j(d) = -d**2 - 191*d - 1086. Let z be j(-6). Let c(t) = t**3 - 23*t**2 - 27*t + 47. Determine c(z).
-25
Let f(m) = -18*m - 1. Let d(q) = 8*q + 3. Let j be d(4). Let i be -5 + j/(-1 - -6). Suppose -k + 3 = 3*a + i, 0 = a - 3*k - 7. Give f(a).
-19
Suppose 5*k - 4*q - 448 = 993, 1132 = 4*k + 2*q. Let h = 281 - k. Let o(d) = -d**3 - 4*d**2 - 2. Calculate o(h).
-2
Suppose -6 + 0 = 3*m. Let q(o) be the first derivative of -4*o**3/3 - 3*o**2/2 - 26*o + 25. Let y(i) be the first derivative of q(i). Calculate y(m).
13
Let h(l) = -3*l + 3. Let g be h(2). Let j = 150 + -148. Let m(d) = 0 - 9*d**2 + 2 + 0*d**2 + 4*d - 4*d**2 + 14*d**j. What is m(g)?
-1
Let k(q) = -21*q - 3*q**2 - 93*q**2 + 98*q**2 + 8. Calculate k(9).
-19
Let x(y) = -y**2 + 17*y + 40. Suppose -d + 1525 - 1509 = 2*z, d - 16 = -3*z. What is x(d)?
56
Let s(k) = 16*k**2 - 12*k + 1. Let r(u) = -99 + 198 - 99 - 5*u**2 + 4*u. Let b(d) = 7*r(d) + 2*s(d). Give b(4).
-30
Let b(k) = k**3 - 6*k - 3. Suppose -h = 5, 4*g + 2*h + 4 = -18. Give b(g).
-12
Let b(r) = r**3 - 11*r**2 + 13*r - 24. Suppose -3*i - 3*i + 60 = 0. Let j be b(i). Suppose z - 10 = j*z. Let f(s) = s**3 + 4*s**2 + 2*s. Give f(z).
4
Suppose -8*u = -6 - 18. Let g(d) = -2*d**3 + 3*d**3 - d**2 + d**u - d**3. Determine g(-1).
-2
Let i be -5 + (-15)/(-3) + -7. Let g(s) = -2*s**3 + 6*s**2 + 7*s + 9. Let w(a) = -a**3 + 7*a**2 + 8*a + 8. Let c(z) = -2*g(z) + 3*w(z). Give c(i).
34
Let w(f) be the first derivative of -f**4/4 + 2*f**3/3 - 2*f**2 + 2*f + 2. Let c(m) = m**3 + 7*m**2 + 11*m + 32. Let b be c(-6). Give w(b).
-6
Let o(c) be the second derivative of c**5/20 - c**4/6 + c**3/3 + 29*c**2/2 + 7381*c. Give o(0).
29
Let i = -20038 - -20042. Let f(n) = -n**3 + 3*n**2 - 5*n + 1. What is f(i)?
-35
Let x(w) = 2*w**2 + 16*w - 11. Let d(n) = 254*n - 1534. Let g be d(6). Determine x(g).
29
Let h(f) = -f**2 + 7*f - 6. Suppose 0*v - 16 = -4*v. Suppose 6 = -5*w - 3*u + 2*u, v*w + 28 = 5*u. Let c be -1 + 5 + w + 3. What is h(c)?
4
Let w be (-193 - (-3 + 6))/(-8 - -6). Suppose 94*h = w*h + 16. Let l(q) = q**3 + 3*q**2 - 4*q + 1. Determine l(h).
1
Let d(s) = 3*s**2 - 10*s + 5. Let r(a) be the first derivative of 18 + 19/2*a**2 - 10*a - 5/3*a**3. Let x(y) = -7*d(y) - 4*r(y). Determine x(-5).
10
Suppose 6*h - 34 = -4. Suppose 0 = h*j - 11 + 26. Let y(s) be the third derivative of -s**5/15 - s**4/8 - 16*s**2. Give y(j).
-27
Let z be (-5)/(35/42) - -8. Let o(j) = -6*j - 3*j + z + 8*j + 5*j**3 - 3*j**2 - 2*j**3. What is o(2)?
12
Let n(v) = 1 + 0 - v**2 - 6*v - 2. Let i = 2622 + -1563. Suppose 1063*g = i*g - 28. 